/home/zaigroup/access-logs/texsioclothing.com.zai-group.com-ssl_log
216.167.81.223 - - [03/Aug/2026:20:08:36 +0000] "GET / HTTP/1.1" 200 559 "-" "Mozilla/5.0 (Macintosh; Intel Mac OS X 10_15_7) AppleWebKit/537.36 (KHTML, like Gecko) Chrome/147.0.0.0 Safari/537.36"
185.242.177.69 - - [03/Aug/2026:20:46:29 +0000] "GET / HTTP/1.1" 200 569 "-" "Mozilla/5.0 (Windows NT 10.0; Win64; x64; rv:147.0) Gecko/20100101 Firefox/147.0"
104.164.173.245 - - [03/Aug/2026:20:46:57 +0000] "GET / HTTP/1.1" 200 559 "-" "Mozilla/5.0 (Macintosh; Intel Mac OS X 10_15_7) AppleWebKit/537.36 (KHTML, like Gecko) Chrome/130.0.0.0 Safari/537.36"
171.22.217.188 - - [03/Aug/2026:20:47:00 +0000] "GET / HTTP/1.1" 200 559 "-" "Mozilla/5.0 (Windows NT 10.0; Win64; x64) AppleWebKit/537.36 (KHTML, like Gecko) Chrome/130.0.0.0 Safari/537.36"
185.242.177.69 - - [03/Aug/2026:20:46:33 +0000] "GET / HTTP/1.1" 200 574 "-" "Mozilla/5.0 (Windows NT 10.0; Win64; x64; rv:147.0) Gecko/20100101 Firefox/147.0"
171.22.217.188 - - [03/Aug/2026:20:47:08 +0000] "GET / HTTP/1.1" 200 559 "-" "Mozilla/5.0 (X11; Linux x86_64) AppleWebKit/537.36 (KHTML, like Gecko) Chrome/131.0.0.0 Safari/537.36"
171.22.217.188 - - [03/Aug/2026:20:47:13 +0000] "GET /_autoindex/assets/js/tablesort.number.js HTTP/1.1" 200 322 "-" "Mozilla/5.0 (X11; Linux x86_64) AppleWebKit/537.36 (KHTML, like Gecko) Chrome/131.0.0.0 Safari/537.36"
171.22.217.188 - - [03/Aug/2026:20:47:15 +0000] "GET /?ND HTTP/1.1" 200 559 "-" "Mozilla/5.0 (X11; Linux x86_64) AppleWebKit/537.36 (KHTML, like Gecko) Chrome/131.0.0.0 Safari/537.36"
164.90.196.199 - - [03/Aug/2026:20:45:24 +0000] "GET / HTTP/2" 200 715 "-" "Mozilla/5.0 (Windows NT 10.0; Win64; x64) AppleWebKit/537.36 (KHTML, like Gecko) Chrome/137.0.0.0 Safari/537.36 +https://forestengine.net/#opt-out"
164.90.196.199 - - [03/Aug/2026:20:45:24 +0000] "GET /favicon.ico HTTP/2" 404 1251 "-" "Mozilla/5.0 (Windows NT 10.0; Win64; x64) AppleWebKit/537.36 (KHTML, like Gecko) Chrome/137.0.0.0 Safari/537.36 +https://forestengine.net/#opt-out"
152.39.191.235 - - [03/Aug/2026:20:49:29 +0000] "GET / HTTP/2" 200 574 "-" "Mozilla/5.0 (iPhone; CPU iPhone OS 26_3_0 like Mac OS X) AppleWebKit/605.1.15 (KHTML, like Gecko) CriOS/144.0.7559.95 Mobile/15E148 Safari/604.1"
152.39.191.235 - - [03/Aug/2026:20:49:29 +0000] "GET /_autoindex/assets/css/autoindex.css HTTP/2" 200 1170 "https://www.texsioclothing.com.zai-group.com/" "Mozilla/5.0 (iPhone; CPU iPhone OS 26_3_0 like Mac OS X) AppleWebKit/605.1.15 (KHTML, like Gecko) CriOS/144.0.7559.95 Mobile/15E148 Safari/604.1"
152.39.191.235 - - [03/Aug/2026:20:49:29 +0000] "GET /_autoindex/assets/js/tablesort.js HTTP/2" 200 2137 "https://www.texsioclothing.com.zai-group.com/" "Mozilla/5.0 (iPhone; CPU iPhone OS 26_3_0 like Mac OS X) AppleWebKit/605.1.15 (KHTML, like Gecko) CriOS/144.0.7559.95 Mobile/15E148 Safari/604.1"
152.39.191.235 - - [03/Aug/2026:20:49:29 +0000] "GET /_autoindex/assets/js/tablesort.number.js HTTP/2" 200 322 "https://www.texsioclothing.com.zai-group.com/" "Mozilla/5.0 (iPhone; CPU iPhone OS 26_3_0 like Mac OS X) AppleWebKit/605.1.15 (KHTML, like Gecko) CriOS/144.0.7559.95 Mobile/15E148 Safari/604.1"
152.39.191.235 - - [03/Aug/2026:20:49:29 +0000] "GET /_autoindex/assets/icons/folder-fill.svg HTTP/2" 200 333 "https://www.texsioclothing.com.zai-group.com/" "Mozilla/5.0 (iPhone; CPU iPhone OS 26_3_0 like Mac OS X) AppleWebKit/605.1.15 (KHTML, like Gecko) CriOS/144.0.7559.95 Mobile/15E148 Safari/604.1"
152.39.191.235 - - [03/Aug/2026:20:49:29 +0000] "GET /favicon.ico HTTP/2" 404 1251 "https://www.texsioclothing.com.zai-group.com/" "Mozilla/5.0 (iPhone; CPU iPhone OS 26_3_0 like Mac OS X) AppleWebKit/605.1.15 (KHTML, like Gecko) CriOS/144.0.7559.95 Mobile/15E148 Safari/604.1"
158.69.117.45 - - [03/Aug/2026:20:51:27 +0000] "GET / HTTP/1.1" 200 704 "-" "Mozilla/5.0 (Windows NT 10.0; Win64; x64) AppleWebKit/537.36 (KHTML, like Gecko) Chrome/124.0.0.0 Safari/537.36"
158.69.117.45 - - [03/Aug/2026:20:51:27 +0000] "GET / HTTP/1.1" 200 715 "-" "Mozilla/5.0 (Windows NT 10.0; Win64; x64) AppleWebKit/537.36 (KHTML, like Gecko) Chrome/124.0.0.0 Safari/537.36"
104.236.113.146 - - [03/Aug/2026:20:53:12 +0000] "GET / HTTP/1.1" 200 715 "-" "Mozilla/5.0 (X11; Linux x86_64) AppleWebKit/537.36 (KHTML, like Gecko) Chrome/142.0.0.0 Safari/537.36"
171.22.217.188 - - [03/Aug/2026:20:47:16 +0000] "GET /?MA HTTP/1.1" 200 563 "-" "Mozilla/5.0 (X11; Linux x86_64) AppleWebKit/537.36 (KHTML, like Gecko) Chrome/131.0.0.0 Safari/537.36"
171.22.217.188 - - [03/Aug/2026:20:47:17 +0000] "GET /?SA HTTP/1.1" 200 562 "-" "Mozilla/5.0 (X11; Linux x86_64) AppleWebKit/537.36 (KHTML, like Gecko) Chrome/131.0.0.0 Safari/537.36"
171.22.217.188 - - [03/Aug/2026:20:47:18 +0000] "GET /cgi-bin/ HTTP/1.1" 403 1242 "-" "Mozilla/5.0 (X11; Linux x86_64) AppleWebKit/537.36 (KHTML, like Gecko) Chrome/131.0.0.0 Safari/537.36"
171.22.217.188 - - [03/Aug/2026:20:47:19 +0000] "GET /_autoindex/assets/js/tablesort.js HTTP/1.1" 200 2137 "-" "Mozilla/5.0 (X11; Linux x86_64) AppleWebKit/537.36 (KHTML, like Gecko) Chrome/131.0.0.0 Safari/537.36"
171.22.217.188 - - [03/Aug/2026:20:47:20 +0000] "GET /?NA HTTP/1.1" 200 559 "-" "Mozilla/5.0 (X11; Linux x86_64) AppleWebKit/537.36 (KHTML, like Gecko) Chrome/131.0.0.0 Safari/537.36"
171.22.217.188 - - [03/Aug/2026:20:47:21 +0000] "GET /?MD HTTP/1.1" 200 564 "-" "Mozilla/5.0 (X11; Linux x86_64) AppleWebKit/537.36 (KHTML, like Gecko) Chrome/131.0.0.0 Safari/537.36"
171.22.217.188 - - [03/Aug/2026:20:47:22 +0000] "GET /?SD HTTP/1.1" 200 561 "-" "Mozilla/5.0 (X11; Linux x86_64) AppleWebKit/537.36 (KHTML, like Gecko) Chrome/131.0.0.0 Safari/537.36"
103.196.9.44 - - [03/Aug/2026:20:49:33 +0000] "GET / HTTP/2" 200 574 "-" "Mozilla/5.0 (iPhone; CPU iPhone OS 26_3_0 like Mac OS X) AppleWebKit/605.1.15 (KHTML, like Gecko) CriOS/144.0.7559.95 Mobile/15E148 Safari/604.1"
103.196.9.44 - - [03/Aug/2026:20:49:33 +0000] "GET /_autoindex/assets/css/autoindex.css HTTP/2" 200 1170 "https://www.texsioclothing.com.zai-group.com/" "Mozilla/5.0 (iPhone; CPU iPhone OS 26_3_0 like Mac OS X) AppleWebKit/605.1.15 (KHTML, like Gecko) CriOS/144.0.7559.95 Mobile/15E148 Safari/604.1"
103.196.9.44 - - [03/Aug/2026:20:49:33 +0000] "GET /_autoindex/assets/js/tablesort.js HTTP/2" 200 2137 "https://www.texsioclothing.com.zai-group.com/" "Mozilla/5.0 (iPhone; CPU iPhone OS 26_3_0 like Mac OS X) AppleWebKit/605.1.15 (KHTML, like Gecko) CriOS/144.0.7559.95 Mobile/15E148 Safari/604.1"
103.196.9.44 - - [03/Aug/2026:20:49:33 +0000] "GET /_autoindex/assets/js/tablesort.number.js HTTP/2" 200 322 "https://www.texsioclothing.com.zai-group.com/" "Mozilla/5.0 (iPhone; CPU iPhone OS 26_3_0 like Mac OS X) AppleWebKit/605.1.15 (KHTML, like Gecko) CriOS/144.0.7559.95 Mobile/15E148 Safari/604.1"
103.196.9.44 - - [03/Aug/2026:20:49:33 +0000] "GET /_autoindex/assets/icons/folder-fill.svg HTTP/2" 200 333 "https://www.texsioclothing.com.zai-group.com/" "Mozilla/5.0 (iPhone; CPU iPhone OS 26_3_0 like Mac OS X) AppleWebKit/605.1.15 (KHTML, like Gecko) CriOS/144.0.7559.95 Mobile/15E148 Safari/604.1"
103.196.9.44 - - [03/Aug/2026:20:49:33 +0000] "GET /favicon.ico HTTP/2" 404 1251 "https://www.texsioclothing.com.zai-group.com/" "Mozilla/5.0 (iPhone; CPU iPhone OS 26_3_0 like Mac OS X) AppleWebKit/605.1.15 (KHTML, like Gecko) CriOS/144.0.7559.95 Mobile/15E148 Safari/604.1"
104.236.113.146 - - [03/Aug/2026:20:53:14 +0000] "GET /favicon.ico HTTP/1.1" 404 1251 "https://www.texsioclothing.com.zai-group.com/" "Mozilla/5.0 (X11; Linux x86_64) AppleWebKit/537.36 (KHTML, like Gecko) Chrome/142.0.0.0 Safari/537.36"
3.249.70.248 - - [03/Aug/2026:20:58:28 +0000] "GET / HTTP/1.1" 200 715 "-" "Mozilla/5.0 (X11; Linux x86_64) AppleWebKit/537.36 Chrome/120 Safari/537.36"
149.248.79.70 - - [03/Aug/2026:20:56:10 +0000] "GET / HTTP/1.1" 200 559 "-" "Mozilla/5.0 (Windows NT 10.0; Win64; x64; rv:124.0) Gecko/20100101 Firefox/124.0"
34.241.193.227 - - [03/Aug/2026:20:57:51 +0000] "GET / HTTP/1.1" 200 704 "-" "Mozilla/5.0 (X11; Linux x86_64) AppleWebKit/537.36 Chrome/120 Safari/537.36"
185.148.0.208 - - [03/Aug/2026:21:06:15 +0000] "GET /favicon.ico HTTP/1.1" 404 1251 "-" "Mozilla/5.0 (Macintosh; Intel Mac OS X 10_15_7) AppleWebKit/605.1.15 (KHTML, like Gecko) Version/17.4.1 Safari/605.6.25"
51.83.6.2 - - [03/Aug/2026:21:12:10 +0000] "GET /.well-known/agent.json HTTP/1.1" 404 1251 "-" "agenttrust-collector (+https://agenttru.st)"
51.83.6.2 - - [03/Aug/2026:21:12:11 +0000] "GET /.well-known/agents.json HTTP/1.1" 404 1251 "-" "agenttrust-collector (+https://agenttru.st)"
185.148.0.208 - - [03/Aug/2026:21:06:04 +0000] "GET / HTTP/1.1" 200 704 "-" "Mozilla/5.0 (Macintosh; Intel Mac OS X 10_15_7) AppleWebKit/605.1.15 (KHTML, like Gecko) Version/17.4.1 Safari/605.6.25"
51.83.6.2 - - [03/Aug/2026:21:12:10 +0000] "GET /.well-known/agent-card.json HTTP/1.1" 404 1251 "-" "agenttrust-collector (+https://agenttru.st)"
51.83.6.2 - - [03/Aug/2026:21:12:11 +0000] "GET /.well-known/mcp/server-card.json HTTP/1.1" 404 1251 "-" "agenttrust-collector (+https://agenttru.st)"
51.83.6.2 - - [03/Aug/2026:21:12:11 +0000] "GET /.well-known/mcp HTTP/1.1" 404 1251 "-" "agenttrust-collector (+https://agenttru.st)"
74.208.40.151 - - [03/Aug/2026:21:12:17 +0000] "GET /.well-known/agent-card.json HTTP/1.1" 404 1251 "-" "agentscan-collector (+https://github.com/dhabets/agentscan)"
74.208.40.151 - - [03/Aug/2026:21:12:18 +0000] "GET /.well-known/agent.json HTTP/1.1" 404 1251 "-" "agentscan-collector (+https://github.com/dhabets/agentscan)"
74.208.40.151 - - [03/Aug/2026:21:12:19 +0000] "GET /.well-known/mcp/server-card.json HTTP/1.1" 404 1251 "-" "agentscan-collector (+https://github.com/dhabets/agentscan)"
74.208.40.151 - - [03/Aug/2026:21:12:19 +0000] "GET /.well-known/mcp HTTP/1.1" 404 1251 "-" "agentscan-collector (+https://github.com/dhabets/agentscan)"
74.208.40.151 - - [03/Aug/2026:21:12:19 +0000] "GET /.well-known/agents.json HTTP/1.1" 404 1251 "-" "agentscan-collector (+https://github.com/dhabets/agentscan)"
46.232.235.3 - - [03/Aug/2026:21:52:36 +0000] "GET /.env HTTP/1.1" 404 1251 "-" "Mozilla/5.0 (Macintosh; Intel Mac OS X 10_10) AppleWebKit/537.36 (KHTML, like Gecko) Version/8.0 Safari/537.36"
46.232.235.3 - - [03/Aug/2026:21:52:42 +0000] "GET /.git/config HTTP/1.1" 403 1242 "-" "Mozilla/5.0 (Macintosh; Intel Mac OS X 10_13_4) AppleWebKit/605.1.15 (KHTML, like Gecko) Version/11.1 Safari/605.1.15"
216.73.216.56 - - [03/Aug/2026:21:43:40 +0000] "GET /robots.txt HTTP/2" 404 1251 "-" "Mozilla/5.0 AppleWebKit/537.36 (KHTML, like Gecko; compatible; ClaudeBot/1.0; +claudebot@anthropic.com)"
216.73.216.56 - - [03/Aug/2026:21:43:41 +0000] "GET / HTTP/2" 200 574 "-" "Mozilla/5.0 AppleWebKit/537.36 (KHTML, like Gecko; compatible; ClaudeBot/1.0; +claudebot@anthropic.com)"
46.232.235.3 - - [03/Aug/2026:21:52:37 +0000] "GET /.git/config HTTP/1.1" 403 1242 "-" "Mozilla/5.0 (Macintosh; Intel Mac OS X 13_2) AppleWebKit/605.1.15 (KHTML, like Gecko) Version/16.3 Safari/605.1.15"
46.232.235.3 - - [03/Aug/2026:21:52:41 +0000] "GET /.env HTTP/1.1" 404 1251 "-" "Mozilla/5.0 (Macintosh; Intel Mac OS X 10_15_7) AppleWebKit/537.36 (KHTML, like Gecko) Chrome/137.0.0.0 Safari/537.36"
46.232.235.3 - - [03/Aug/2026:21:52:41 +0000] "GET /.env HTTP/1.1" 404 1251 "-" "Mozilla/5.0 (Macintosh; Intel Mac OS X 10_15_7) AppleWebKit/537.36 (KHTML, like Gecko) Chrome/113.0.0.0 Safari/537.36"
46.232.235.3 - - [03/Aug/2026:21:52:43 +0000] "GET /.git/config HTTP/1.1" 403 1242 "-" "Mozilla/5.0 (Macintosh; Intel Mac OS X 10_15_6) AppleWebKit/605.1.15 (KHTML, like Gecko) Version/15.6,2 Safari/605.1.15"
158.69.55.82 - - [03/Aug/2026:22:46:58 +0000] "GET /?MA HTTP/1.1" 200 720 "-" "Mozilla/5.0 (Windows NT 10.0; Win64; x64) AppleWebKit/537.36 (KHTML, like Gecko) Chrome/124.0.0.0 Safari/537.36"
216.73.216.56 - - [03/Aug/2026:22:48:36 +0000] "GET /robots.txt HTTP/2" 404 1251 "-" "Mozilla/5.0 AppleWebKit/537.36 (KHTML, like Gecko; compatible; ClaudeBot/1.0; +claudebot@anthropic.com)"
216.73.216.56 - - [03/Aug/2026:22:48:37 +0000] "GET /_autoindex/assets/icons/folder-fill.svg HTTP/2" 200 333 "-" "Mozilla/5.0 AppleWebKit/537.36 (KHTML, like Gecko; compatible; ClaudeBot/1.0; +claudebot@anthropic.com)"
216.73.216.56 - - [03/Aug/2026:22:52:22 +0000] "GET /_autoindex/assets/js/tablesort.number.js HTTP/2" 200 322 "-" "Mozilla/5.0 AppleWebKit/537.36 (KHTML, like Gecko; compatible; ClaudeBot/1.0; +claudebot@anthropic.com)"
216.73.216.56 - - [03/Aug/2026:22:52:35 +0000] "GET /cgi-bin/ HTTP/2" 403 1242 "-" "Mozilla/5.0 AppleWebKit/537.36 (KHTML, like Gecko; compatible; ClaudeBot/1.0; +claudebot@anthropic.com)"
158.69.55.82 - - [03/Aug/2026:22:46:57 +0000] "GET / HTTP/1.1" 200 715 "-" "Mozilla/5.0 (Windows NT 10.0; Win64; x64) AppleWebKit/537.36 (KHTML, like Gecko) Chrome/124.0.0.0 Safari/537.36"
158.69.55.82 - - [03/Aug/2026:22:46:58 +0000] "GET /_autoindex/assets/js/tablesort.js HTTP/1.1" 200 2321 "-" "Mozilla/5.0 (Windows NT 10.0; Win64; x64) AppleWebKit/537.36 (KHTML, like Gecko) Chrome/124.0.0.0 Safari/537.36"
158.69.55.82 - - [03/Aug/2026:22:46:58 +0000] "GET /_autoindex/assets/js/tablesort.number.js HTTP/1.1" 200 362 "-" "Mozilla/5.0 (Windows NT 10.0; Win64; x64) AppleWebKit/537.36 (KHTML, like Gecko) Chrome/124.0.0.0 Safari/537.36"
158.69.55.82 - - [03/Aug/2026:22:46:58 +0000] "GET /cgi-bin/ HTTP/1.1" 403 1242 "-" "Mozilla/5.0 (Windows NT 10.0; Win64; x64) AppleWebKit/537.36 (KHTML, like Gecko) Chrome/124.0.0.0 Safari/537.36"
158.69.55.82 - - [03/Aug/2026:22:46:58 +0000] "GET /?SA HTTP/1.1" 200 718 "-" "Mozilla/5.0 (Windows NT 10.0; Win64; x64) AppleWebKit/537.36 (KHTML, like Gecko) Chrome/124.0.0.0 Safari/537.36"
158.69.55.82 - - [03/Aug/2026:22:46:58 +0000] "GET /?ND HTTP/1.1" 200 715 "-" "Mozilla/5.0 (Windows NT 10.0; Win64; x64) AppleWebKit/537.36 (KHTML, like Gecko) Chrome/124.0.0.0 Safari/537.36"
158.69.55.82 - - [03/Aug/2026:22:46:58 +0000] "GET /?NA HTTP/1.1" 200 715 "-" "Mozilla/5.0 (Windows NT 10.0; Win64; x64) AppleWebKit/537.36 (KHTML, like Gecko) Chrome/124.0.0.0 Safari/537.36"
158.69.55.82 - - [03/Aug/2026:22:46:58 +0000] "GET /?MD HTTP/1.1" 200 720 "-" "Mozilla/5.0 (Windows NT 10.0; Win64; x64) AppleWebKit/537.36 (KHTML, like Gecko) Chrome/124.0.0.0 Safari/537.36"
158.69.55.82 - - [03/Aug/2026:22:46:58 +0000] "GET /?SD HTTP/1.1" 200 717 "-" "Mozilla/5.0 (Windows NT 10.0; Win64; x64) AppleWebKit/537.36 (KHTML, like Gecko) Chrome/124.0.0.0 Safari/537.36"
216.73.216.56 - - [03/Aug/2026:22:50:52 +0000] "GET /_autoindex/assets/js/tablesort.js HTTP/2" 200 2137 "-" "Mozilla/5.0 AppleWebKit/537.36 (KHTML, like Gecko; compatible; ClaudeBot/1.0; +claudebot@anthropic.com)"
216.73.216.56 - - [03/Aug/2026:22:52:55 +0000] "GET /_autoindex/assets/css/autoindex.css HTTP/2" 200 1170 "-" "Mozilla/5.0 AppleWebKit/537.36 (KHTML, like Gecko; compatible; ClaudeBot/1.0; +claudebot@anthropic.com)"
76.153.52.59 - - [04/Aug/2026:00:09:00 +0000] "GET / HTTP/1.1" 200 559 "-" "Mozilla/5.0 (Macintosh; Intel Mac OS X 14_7_2) AppleWebKit/605.1.15 (KHTML, like Gecko) Version/18.2 Safari/605.1.15"
104.28.208.189 - - [04/Aug/2026:00:32:59 +0000] "GET /robots.txt HTTP/1.1" 404 1251 "-" "Mozilla/5.0 (Windows NT 10.0; Win64; x64; rv:137.0) Gecko/20100101 Firefox/137.0"
104.28.208.188 - - [04/Aug/2026:00:33:09 +0000] "GET /sitemap.xml HTTP/1.1" 404 1251 "https://www.google.com/search?q=texsioclothing.com" "Mozilla/5.0 (Windows NT 10.0; Win64; x64) AppleWebKit/537.36 (KHTML, like Gecko) Chrome/135.0.0.0 Safari/537.36"
104.28.208.187 - - [04/Aug/2026:00:33:21 +0000] "GET /sitemap_index.xml HTTP/1.1" 404 1251 "-" "Mozilla/5.0 AppleWebKit/537.36 (KHTML, like Gecko; compatible; ChatGPT-User/1.0; +https://openai.com/bot)"
104.28.240.188 - - [04/Aug/2026:00:33:39 +0000] "HEAD /config.json HTTP/1.1" 404 0 "-" "Mozilla/5.0 (Windows NT 10.0; Win64; x64) AppleWebKit/537.36 (KHTML, like Gecko) Chrome/135.0.0.0 Safari/537.36"
104.28.240.189 - - [04/Aug/2026:00:33:39 +0000] "HEAD /.env HTTP/1.1" 404 0 "https://www.google.com/search?q=texsioclothing.com" "Mozilla/5.0 (Windows NT 10.0; Win64; x64) AppleWebKit/537.36 (KHTML, like Gecko) Chrome/135.0.0.0 Safari/537.36"
104.28.208.189 - - [04/Aug/2026:00:33:40 +0000] "HEAD /.env.backup HTTP/1.1" 404 0 "https://www.google.com/search?q=texsioclothing.com" "Mozilla/5.0 AppleWebKit/537.36 (KHTML, like Gecko; compatible; ChatGPT-User/1.0; +https://openai.com/bot)"
104.28.240.188 - - [04/Aug/2026:00:33:40 +0000] "HEAD /.aws/credentials HTTP/1.1" 404 0 "-" "Mozilla/5.0 (compatible; Googlebot/2.1; +http://www.google.com/bot.html)"
104.28.208.189 - - [04/Aug/2026:00:33:40 +0000] "HEAD /.env.local HTTP/1.1" 404 0 "https://www.google.com/search?q=texsioclothing.com" "Mozilla/5.0 (Windows NT 10.0; Win64; x64; rv:137.0) Gecko/20100101 Firefox/137.0"
104.28.208.189 - - [04/Aug/2026:00:33:40 +0000] "HEAD /secrets.json HTTP/1.1" 404 0 "-" "Mozilla/5.0 (Macintosh; Intel Mac OS X 14_5) AppleWebKit/605.1.15 (KHTML, like Gecko) Version/18.4 Safari/605.1.15"
104.28.208.188 - - [04/Aug/2026:00:33:40 +0000] "HEAD /wp-config.php HTTP/1.1" 404 0 "https://www.google.com/search?q=texsioclothing.com" "Mozilla/5.0 (Linux; Android 14; Pixel 8) AppleWebKit/537.36 (KHTML, like Gecko) Chrome/135.0.6422.113 Mobile Safari/537.36"
104.28.208.189 - - [04/Aug/2026:00:33:40 +0000] "HEAD /.env.production HTTP/1.1" 404 0 "-" "Mozilla/5.0 AppleWebKit/537.36 (KHTML, like Gecko; compatible; ChatGPT-User/1.0; +https://openai.com/bot)"
104.28.240.188 - - [04/Aug/2026:00:33:41 +0000] "HEAD /.git/config HTTP/1.1" 403 0 "-" "Mozilla/5.0 (Windows NT 10.0; Win64; x64; rv:137.0) Gecko/20100101 Firefox/137.0"
104.28.208.189 - - [04/Aug/2026:00:33:49 +0000] "HEAD /.env.save HTTP/1.1" 404 0 "-" "Mozilla/5.0 (Macintosh; Intel Mac OS X 14_5) AppleWebKit/605.1.15 (KHTML, like Gecko) Version/18.4 Safari/605.1.15"
104.28.208.189 - - [04/Aug/2026:00:33:49 +0000] "HEAD /.docker/config.json HTTP/1.1" 404 0 "https://www.google.com/search?q=texsioclothing.com" "Mozilla/5.0 (Linux; Android 14; Pixel 8) AppleWebKit/537.36 (KHTML, like Gecko) Chrome/135.0.6422.113 Mobile Safari/537.36"
104.28.208.187 - - [04/Aug/2026:00:33:50 +0000] "HEAD /.env.production.local HTTP/1.1" 404 0 "-" "Mozilla/5.0 (Macintosh; Intel Mac OS X 10_15_7) AppleWebKit/537.36 (KHTML, like Gecko) Chrome/135.0.0.0 Safari/537.36"
104.28.208.189 - - [04/Aug/2026:00:33:50 +0000] "HEAD /.env.development.local HTTP/1.1" 404 0 "-" "Mozilla/5.0 (Macintosh; Intel Mac OS X 14_5) AppleWebKit/605.1.15 (KHTML, like Gecko) Version/18.4 Safari/605.1.15"
104.28.208.189 - - [04/Aug/2026:00:33:50 +0000] "HEAD /config.yml HTTP/1.1" 404 0 "-" "Mozilla/5.0 (Windows NT 10.0; Win64; x64; rv:137.0) Gecko/20100101 Firefox/137.0"
104.28.208.188 - - [04/Aug/2026:00:34:01 +0000] "HEAD /.vscode/settings.json HTTP/1.1" 404 0 "https://www.google.com/search?q=texsioclothing.com" "Mozilla/5.0 (Windows NT 10.0; Win64; x64) AppleWebKit/537.36 (KHTML, like Gecko) Chrome/135.0.0.0 Safari/537.36"
104.28.208.189 - - [04/Aug/2026:00:34:02 +0000] "HEAD /.cursor/mcp.json HTTP/1.1" 404 0 "https://www.google.com/search?q=texsioclothing.com" "Mozilla/5.0 (Macintosh; Intel Mac OS X 10_15_7) AppleWebKit/537.36 (KHTML, like Gecko) Chrome/135.0.0.0 Safari/537.36"
104.28.240.188 - - [04/Aug/2026:00:32:38 +0000] "GET /_rNd9xZ7kL3 HTTP/1.1" 404 1251 "https://www.google.com/search?q=texsioclothing.com" "Mozilla/5.0 (Macintosh; Intel Mac OS X 10_15_7) AppleWebKit/537.36 (KHTML, like Gecko) Chrome/135.0.0.0 Safari/537.36"
104.28.208.189 - - [04/Aug/2026:00:32:50 +0000] "GET / HTTP/1.1" 200 1370 "-" "Mozilla/5.0 AppleWebKit/537.36 (KHTML, like Gecko; compatible; ChatGPT-User/1.0; +https://openai.com/bot)"
104.28.208.189 - - [04/Aug/2026:00:33:31 +0000] "GET /sitemap-index.xml HTTP/1.1" 404 1251 "https://www.google.com/search?q=texsioclothing.com" "Mozilla/5.0 (compatible; Googlebot/2.1; +http://www.google.com/bot.html)"
104.28.208.189 - - [04/Aug/2026:00:33:40 +0000] "HEAD /wp-config.php.bak HTTP/1.1" 404 0 "-" "Mozilla/5.0 (Macintosh; Intel Mac OS X 10_15_7) AppleWebKit/537.36 (KHTML, like Gecko) Chrome/135.0.0.0 Safari/537.36"
104.28.208.189 - - [04/Aug/2026:00:33:40 +0000] "HEAD /.dev.vars HTTP/1.1" 404 0 "-" "Mozilla/5.0 (Macintosh; Intel Mac OS X 10_15_7) AppleWebKit/537.36 (KHTML, like Gecko) Chrome/135.0.0.0 Safari/537.36"
104.28.208.189 - - [04/Aug/2026:00:33:41 +0000] "HEAD /.git/HEAD HTTP/1.1" 403 0 "-" "Mozilla/5.0 (Macintosh; Intel Mac OS X 14_5) AppleWebKit/605.1.15 (KHTML, like Gecko) Version/18.4 Safari/605.1.15"
104.28.208.189 - - [04/Aug/2026:00:33:48 +0000] "HEAD /.env.old HTTP/1.1" 404 0 "https://www.google.com/search?q=texsioclothing.com" "Mozilla/5.0 (compatible; Googlebot/2.1; +http://www.google.com/bot.html)"
104.28.208.189 - - [04/Aug/2026:00:33:48 +0000] "HEAD /.env.dist HTTP/1.1" 404 0 "https://www.google.com/search?q=texsioclothing.com" "Mozilla/5.0 AppleWebKit/537.36 (KHTML, like Gecko; compatible; ChatGPT-User/1.0; +https://openai.com/bot)"
104.28.208.188 - - [04/Aug/2026:00:33:49 +0000] "HEAD /.env.test HTTP/1.1" 404 0 "https://www.google.com/search?q=texsioclothing.com" "Mozilla/5.0 (Linux; Android 14; Pixel 8) AppleWebKit/537.36 (KHTML, like Gecko) Chrome/135.0.6422.113 Mobile Safari/537.36"
104.28.208.189 - - [04/Aug/2026:00:33:49 +0000] "HEAD /.env.sample HTTP/1.1" 404 0 "-" "Mozilla/5.0 (compatible; Googlebot/2.1; +http://www.google.com/bot.html)"
104.28.208.189 - - [04/Aug/2026:00:33:49 +0000] "HEAD /.pypirc HTTP/1.1" 404 0 "https://www.google.com/search?q=texsioclothing.com" "Mozilla/5.0 (Windows NT 10.0; Win64; x64) AppleWebKit/537.36 (KHTML, like Gecko) Chrome/135.0.0.0 Safari/537.36"
104.28.208.189 - - [04/Aug/2026:00:33:49 +0000] "HEAD /.env.bak HTTP/1.1" 404 0 "https://www.google.com/search?q=texsioclothing.com" "Mozilla/5.0 (Windows NT 10.0; Win64; x64) AppleWebKit/537.36 (KHTML, like Gecko) Chrome/135.0.0.0 Safari/537.36"
104.28.208.187 - - [04/Aug/2026:00:33:51 +0000] "HEAD /config.yaml HTTP/1.1" 404 0 "-" "Mozilla/5.0 (Macintosh; Intel Mac OS X 14_5) AppleWebKit/605.1.15 (KHTML, like Gecko) Version/18.4 Safari/605.1.15"
104.28.240.189 - - [04/Aug/2026:00:34:01 +0000] "HEAD /.netrc HTTP/1.1" 404 0 "https://www.google.com/search?q=texsioclothing.com" "Mozilla/5.0 (Windows NT 10.0; Win64; x64; rv:137.0) Gecko/20100101 Firefox/137.0"
104.28.208.189 - - [04/Aug/2026:00:34:02 +0000] "HEAD /.continue/config.json HTTP/1.1" 404 0 "https://www.google.com/search?q=texsioclothing.com" "Mozilla/5.0 (Linux; Android 14; Pixel 8) AppleWebKit/537.36 (KHTML, like Gecko) Chrome/135.0.6422.113 Mobile Safari/537.36"
104.28.240.188 - - [04/Aug/2026:00:34:02 +0000] "HEAD /bootstrap/cache/config.php HTTP/1.1" 404 0 "https://www.google.com/search?q=texsioclothing.com" "Mozilla/5.0 (Windows NT 10.0; Win64; x64) AppleWebKit/537.36 (KHTML, like Gecko) Chrome/135.0.0.0 Safari/537.36"
20.203.149.189 - - [04/Aug/2026:01:04:42 +0000] "HEAD / HTTP/1.1" 200 0 "-" "python-requests/2.32.4"
20.203.149.189 - - [04/Aug/2026:01:04:42 +0000] "GET /wp-admin/ HTTP/1.1" 404 1251 "-" "Mozilla/5.0 (Windows NT 10.0; Win64; x64) AppleWebKit/537.36 (KHTML, like Gecko) Chrome/120.0.0.0 Safari/537.36"
57.131.131.17 - - [04/Aug/2026:01:05:13 +0000] "GET / HTTP/1.1" 200 704 "-" "Mozilla/5.0 (iPhone; CPU iPhone OS 18_7 like Mac OS X) AppleWebKit/605.1.15 (KHTML, like Gecko) Version/18.7.5 Mobile/15E148 Safari/604.1"
57.131.131.17 - - [04/Aug/2026:01:05:18 +0000] "GET / HTTP/1.1" 200 559 "-" "Mozilla/5.0 (iPhone; CPU iPhone OS 18_7 like Mac OS X) AppleWebKit/605.1.15 (KHTML, like Gecko) Version/18.7.5 Mobile/15E148 Safari/604.1"
66.249.73.14 - - [04/Aug/2026:01:00:38 +0000] "GET /robots.txt HTTP/1.1" 404 1251 "-" "Mozilla/5.0 (compatible; Googlebot/2.1; +http://www.google.com/bot.html)"
20.203.149.189 - - [04/Aug/2026:01:04:42 +0000] "GET /xmlrpc.php HTTP/1.1" 404 1251 "-" "Mozilla/5.0 (Macintosh; Intel Mac OS X 14_3) AppleWebKit/537.36 (KHTML, like Gecko) Chrome/121.0.0.0 Safari/537.36"
195.164.49.144 - - [04/Aug/2026:01:53:02 +0000] "GET / HTTP/1.1" 200 559 "-" "Mozilla/5.0 (iPhone; CPU iPhone OS 18_6_2 like Mac OS X) AppleWebKit/605.1.15 (KHTML, like Gecko) Version/18.6 Mobile/15E148 Safari/604.1"
57.131.131.18 - - [04/Aug/2026:01:55:49 +0000] "GET / HTTP/1.1" 200 704 "-" "Mozilla/5.0 (Linux; Android 10; K) AppleWebKit/537.36 (KHTML, like Gecko) Chrome/150.0.0.0 Mobile Safari/537.36 EdgA/150.0.0.0"
57.131.131.18 - - [04/Aug/2026:01:55:55 +0000] "GET / HTTP/1.1" 200 559 "-" "Mozilla/5.0 (Linux; Android 10; K) AppleWebKit/537.36 (KHTML, like Gecko) Chrome/150.0.0.0 Mobile Safari/537.36 EdgA/150.0.0.0"
195.164.49.144 - - [04/Aug/2026:01:52:58 +0000] "GET / HTTP/1.1" 200 704 "-" "Mozilla/5.0 (iPhone; CPU iPhone OS 18_6_2 like Mac OS X) AppleWebKit/605.1.15 (KHTML, like Gecko) Version/18.6 Mobile/15E148 Safari/604.1"
195.164.49.144 - - [04/Aug/2026:02:23:29 +0000] "GET / HTTP/1.1" 200 704 "-" "Mozilla/5.0 (Linux; Android 10; K) AppleWebKit/537.36 (KHTML, like Gecko) SamsungBrowser/30.0 Chrome/143.0.0.0 Mobile Safari/537.36"
195.164.49.144 - - [04/Aug/2026:02:23:33 +0000] "GET / HTTP/1.1" 200 559 "-" "Mozilla/5.0 (Linux; Android 10; K) AppleWebKit/537.36 (KHTML, like Gecko) SamsungBrowser/30.0 Chrome/143.0.0.0 Mobile Safari/537.36"